6 is divided by 607?
598
What is the remainder when 27815 is divided by 393?
305
Calculate the remainder when 7362 is divided by 2430.
72
Calculate the remainder when 45674 is divided by 233.
6
Calculate the remainder when 132735 is divided by 25.
10
What is the remainder when 11756 is divided by 52?
4
What is the remainder when 23925 is divided by 1592?
45
Calculate the remainder when 1777 is divided by 280.
97
What is the remainder when 7677 is divided by 2558?
3
Calculate the remainder when 2687 is divided by 276.
203
Calculate the remainder when 49784 is divided by 24890.
4
What is the remainder when 568104 is divided by 17?
15
What is the remainder when 452 is divided by 75?
2
What is the remainder when 436 is divided by 72?
4
What is the remainder when 21517 is divided by 406?
405
What is the remainder when 50647 is divided by 87?
13
What is the remainder when 38404 is divided by 160?
4
Calculate the remainder when 2797 is divided by 1193.
411
What is the remainder when 16723 is divided by 204?
199
Calculate the remainder when 75599 is divided by 25198.
5
What is the remainder when 3158 is divided by 1467?
224
Calculate the remainder when 676702 is divided by 212.
210
What is the remainder when 9287 is divided by 2210?
447
Calculate the remainder when 332158 is divided by 30191.
57
Calculate the remainder when 16147 is divided by 16138.
9
Calculate the remainder when 51776 is divided by 51765.
11
Calculate the remainder when 128909 is divided by 217.
11
What is the remainder when 3744910 is divided by 17?
14
What is the remainder when 27622 is divided by 234?
10
What is the remainder when 147306 is divided by 147?
12
Calculate the remainder when 17187 is divided by 17096.
91
Calculate the remainder when 8048 is divided by 3.
2
What is the remainder when 2455 is divided by 48?
7
What is the remainder when 281 is divided by 114?
53
What is the remainder when 42370 is divided by 35?
20
What is the remainder when 838 is divided by 281?
276
What is the remainder when 12326 is divided by 184?
182
What is the remainder when 220720 is divided by 68?
60
What is the remainder when 243778 is divided by 58?
4
Calculate the remainder when 4019 is divided by 178.
103
Calculate the remainder when 792 is divided by 263.
3
What is the remainder when 62725 is divided by 29?
27
Calculate the remainder when 26319 is divided by 323.
156
What is the remainder when 7924 is divided by 16?
4
Calculate the remainder when 67728 is divided by 36.
12
What is the remainder when 69884 is divided by 184?
148
What is the remainder when 1892926 is divided by 24?
22
What is the remainder when 11200 is divided by 11168?
32
What is the remainder when 8446 is divided by 119?
116
Calculate the remainder when 50979 is divided by 18.
3
What is the remainder when 815562 is divided by 271849?
15
What is the remainder when 5151 is divided by 526?
417
What is the remainder when 975203 is divided by 34828?
19
What is the remainder when 10301071 is divided by 2863?
2860
Calculate the remainder when 5969 is divided by 131.
74
What is the remainder when 16726 is divided by 997?
774
What is the remainder when 143101 is divided by 275?
101
What is the remainder when 32251 is divided by 1214?
687
What is the remainder when 45320 is divided by 61?
58
Calculate the remainder when 4901718 is divided by 1180.
1178
What is the remainder when 62429 is divided by 1599?
68
What is the remainder when 60729 is divided by 368?
9
Calculate the remainder when 111717 is divided by 38.
35
What is the remainder when 11516 is divided by 158?
140
What is the remainder when 1681 is divided by 507?
160
What is the remainder when 5230 is divided by 41?
23
Calculate the remainder when 14324 is divided by 2045.
9
What is the remainder when 33396 is divided by 229?
191
What is the remainder when 52185 is divided by 6521?
17
What is the remainder when 5708 is divided by 474?
20
Calculate the remainder when 106568 is divided by 190.
168
Calculate the remainder when 3754 is divided by 151.
130
What is the remainder when 3754 is divided by 1250?
4
Calculate the remainder when 2275 is divided by 27.
7
Calculate the remainder when 8070 is divided by 2017.
2
Calculate the remainder when 80298 is divided by 26765.
3
Calculate the remainder when 573844 is divided by 27.
13
Calculate the remainder when 1116 is divided by 201.
111
Calculate the remainder when 30066 is divided by 460.
166
Calculate the remainder when 146970 is divided by 142.
0
Calculate the remainder when 656048 is divided by 93720.
8
Calculate the remainder when 7833 is divided by 1952.
25
Calculate the remainder when 26331 is divided by 685.
301
Calculate the remainder when 2539 is divided by 2434.
105
What is the remainder when 69105 is divided by 23?
13
Calculate the remainder when 1622543 is divided by 154.
153
Calculate the remainder when 28820 is divided by 44.
0
Calculate the remainder when 2543 is divided by 216.
167
What is the remainder when 9869 is divided by 26?
15
What is the remainder when 36201 is divided by 128?
105
What is the remainder when 65855 is divided by 21907?
134
Calculate the remainder when 30701 is divided by 102.
101
What is the remainder when 44837 is divided by 895?
87
What is the remainder when 8540 is divided by 1063?
36
What is the remainder when 1659211 is divided by 207400?
11
What is the remainder when 322391 is divided by 152?
151
What is the remainder when 29530 is divided by 69?
67
Calculate the remainder when 4916 is divided by 606.
68
What is the remainder when 15935 is divided by 1770?
5
Calculate the remainder when 6367 is divided by 172.
3
Calculate the remainder when 60458 is divided by 709.
193
What is the remainder when 1738 is divided by 16?
10
What is the remainder when 3773 is divided by 360?
173
Calculate the remainder when 9539 is divided by 58.
27
What is the remainder when 24444 is divided by 11?
2
What is the remainder when 4378858 is divided by 318?
316
Calculate the remainder when 9678 is divided by 243.
201
What is the remainder when 23705 is divided by 131?
125
What is the remainder when 20477 is divided by 56?
37
What is the remainder when 23030 is divided by 55?
40
What is the remainder when 1543 is divided by 25?
18
Calculate the remainder when 19794 is divided by 55.
49
What is the remainder when 9716 is divided by 9703?
13
Calculate the remainder when 3078 is divided by 1016.
30
What is the remainder when 6055 is divided by 2001?
52
Calculate the remainder when 6991 is divided by 1665.
331
Calculate the remainder when 2581822 is divided by 56.
54
What is the remainder when 7394 is divided by 666?
68
What is the remainder when 1216 is divided by 423?
370
Calculate the remainder when 87419 is divided by 24.
11
What is the remainder when 2792138 is divided by 11?
8
Calculate the remainder when 13544 is divided by 6763.
18
What is the remainder when 21650 is divided by 799?
77
Calculate the remainder when 280877 is divided by 4.
1
Calculate the remainder when 1826 is divided by 12.
2
Calculate the remainder when 3532 is divided by 389.
31
Calculate the remainder when 4430 is divided by 259.
27
Calculate the remainder when 1393571 is divided by 31.
28
What is the remainder when 1256393 is divided by 20?
13
What is the remainder when 38028 is divided by 27?
12
Calculate the remainder when 5544 is divided by 504.
0
Calculate the remainder when 93067 is divided by 1135.
1132
Calculate the remainder when 464078 is divided by 21.
20
Calculate the remainder when 2763 is divided by 937.
889
What is the remainder when 6263 is divided by 782?
7
Calculate the remainder when 12253 is divided by 5959.
335
Calculate the remainder when 3083356 is divided by 258.
256
What is the remainder when 9802 is divided by 78?
52
Calculate the remainder when 97567 is divided by 4646.
1
What is the remainder when 4243 is divided by 1398?
49
Calculate the remainder when 20910 is divided by 10455.
0
What is the remainder when 3916 is divided by 53?
47
What is the remainder when 1545 is divided by 925?
620
What is the remainder when 8193 is divided by 430?
23
What is the remainder when 43337 is divided by 1731?
62
Calculate the remainder when 669 is divided by 341.
328
What is the remainder when 59781 is divided by 198?
